ase 14) in base 13?
-27a3
What is -41413 (base 5) in base 14?
-dd3
Convert 1821 (base 10) to base 5.
24241
Convert 10bba (base 14) to base 13.
15707
Convert 3a74 (base 15) to base 8.
30304
Convert 2b5 (base 12) to base 2.
110101001
-93 (base 15) to base 2
-10001010
-33538 (base 9) to base 4
-11130212
-26 (base 16) to base 3
-1102
Convert -925 (base 10) to base 11.
-771
What is -26544 (base 7) in base 14?
-285b
What is -6869 (base 12) in base 7?
-45552
Convert 224 (base 13) to base 5.
2433
55213 (base 10) to base 11
38534
What is 9c89 (base 14) in base 13?
c49c
What is -2110111 (base 3) in base 4?
-130003
-1588 (base 9) to base 6
-5342
Convert 1045 (base 8) to base 6.
2313
Convert 8f18 (base 16) to base 3.
1212020202
-122341 (base 5) to base 14
-1a13
-110 (base 15) to base 5
-1430
Convert 11000011100100 (base 2) to base 7.
51330
278 (base 9) to base 5
1413
What is -6d2 (base 15) in base 10?
-1547
What is -3124 (base 5) in base 2?
-110011110
-5749 (base 13) to base 6
-132341
2033 (base 9) to base 5
21423
-2204 (base 6) to base 12
-364
Convert -485 (base 16) to base 11.
-962
-18580 (base 12) to base 5
-2113001
Convert -5b (base 12) to base 3.
-2122
-4575 (base 8) to base 16
-97d
1113210 (base 4) to base 12
32b0
-1102030 (base 4) to base 7
-21223
31077 (base 8) to base 14
498b
-11010 (base 4) to base 11
-275
What is 13331100 (base 4) in base 15?
99cc
Convert 20220222 (base 3) to base 13.
23b4
What is 41253 (base 6) in base 9?
7486
What is 1010011100 (base 2) in base 5?
10133
What is -13a (base 14) in base 10?
-248
What is -1196f (base 16) in base 5?
-4301142
What is 11405 (base 8) in base 7?
20124
-460 (base 10) to base 4
-13030
Convert 1b6 (base 12) to base 2.
100011010
What is -6bdd (base 15) in base 7?
-123601
-3 (base 14) to base 15
-3
Convert 10055 (base 7) to base 14.
c65
Convert 5b1 (base 16) to base 7.
4151
What is -3530 (base 7) in base 13?
-788
Convert 323154 (base 6) to base 12.
134ba
What is 333012 (base 5) in base 8?
26560
Convert 508a (base 16) to base 8.
50212
What is -240413 (base 6) in base 7?
-114621
-22120 (base 4) to base 13
-3c1
-cde (base 16) to base 3
-11112000
-10110100101011 (base 2) to base 14
-42dd
-12158 (base 9) to base 11
-6142
Convert 102120212 (base 3) to base 11.
638a
Convert 2313123 (base 4) to base 7.
46140
221021 (base 4) to base 14
d61
-547 (base 11) to base 16
-290
585 (base 12) to base 15
39b
6921 (base 11) to base 3
110110222
What is e70 (base 15) in base 8?
6267
Convert 2205 (base 8) to base 2.
10010000101
Convert 3162 (base 15) to base 13.
49a3
310002 (base 4) to base 6
23230
What is -1010001201 (base 3) in base 7?
-120616
1020343 (base 5) to base 4
10021031
Convert -420322 (base 5) to base 14.
-5085
Convert 1655 (base 12) to base 3.
10122102
Convert -12236 (base 7) to base 16.
-c8c
What is 175 (base 15) in base 13?
1ca
What is -2220100220 (base 3) in base 15?
-11dd9
What is -23337 (base 10) in base 6?
-300013
Convert 222222 (base 3) to base 13.
440
Convert -690 (base 13) to base 5.
-14011
What is 3a3 (base 13) in base 12?
454
400 (base 6) to base 13
b1
-30115 (base 6) to base 13
-1a39
Convert -27435 (base 10) to base 13.
-c645
-20504 (base 10) to base 6
-234532
-71 (base 16) to base 9
-135
What is 10a (base 16) in base 2?
100001010
-2603 (base 15) to base 2
-1111110100111
Convert -34002 (base 6) to base 4.
-1022102
Convert -3011200 (base 4) to base 9.
-18304
Convert 1021111 (base 3) to base 13.
568
Convert 699 (base 15) to base 9.
2040
Convert -5b0 (base 14) to base 15.
-509
-35052 (base 7) to base 15
-29c0
What is 120222210 (base 3) in base 10?
11658
What is 140122 (base 7) in base 4?
12131230
3a7d (base 15) to base 12
7291
Convert -11220110 (base 3) to base 9.
-4813
282 (base 11) to base 10
332
6026 (base 10) to base 2
1011110001010
336 (base 14) to base 16
27c
3c86 (base 13) to base 8
21031
-1100111101 (base 2) to base 4
-30331
What is 10412 (base 13) in base 3?
1111010102
-1618 (base 12) to base 4
-220310
Convert -1001101000 (base 3) to base 5.
-1130212
Convert -12012301 (base 4) to base 6.
-311441
-325 (base 13) to base 14
-2a6
15956 (base 10) to base 13
7355
What is -14a40 (base 13) in base 12?
-1a757
4059 (base 10) to base 15
1309
Convert 551421 (base 6) to base 14.
12949
Convert -b82b (base 13) to base 16.
-63d4
Convert 2170 (base 14) to base 7.
22600
Convert -4497 (base 12) to base 5.
-220403
22873 (base 9) to base 10
15294
Convert 244145 (base 6) to base 4.
11102201
-124 (base 16) to base 5
-2132
What is 13633 (base 7) in base 16?
ea4
What is 11000221 (base 3) in base 16?
b7d
Convert 4248 (base 9) to base 14.
11d0
-35010 (base 7) to base 8
-21335
Convert -7 (base 13) to base 11.
-7
What is -22430 (base 6) in base 10?
-3186
Convert -137 (base 13) to base 3.
-21222
Convert -2273 (base 15) to base 16.
-1c8c
Convert 2202111 (base 4) to base 8.
24225
What is 1000010 (base 3) in base 2?
1011011100
What is -77a (base 12) in base 11?
-912
1332 (base 6) to base 14
1a8
What is -383d (base 16) in base 6?
-150353
Convert -7601 (base 16) to base 3.
-1112102212
1525250 (base 6) to base 9
145453
Convert -31 (base 15) to base 6.
-114
114a1 (base 11) to base 7
66205
8186 (base 10) to base 16
1ffa
2033321 (base 4) to base 11
6a12
Convert -959d (base 14) to base 5.
-1311230
Convert -1723 (base 8) to base 5.
-12404
Convert -200021201 (base 3) to base 12.
-786a
11225 (base 6) to base 5
22401
What is 201233 (base 4) in base 15?
98e
What is 3544 (base 10) in base 12?
2074
Convert -21762 (base 8) to base 4.
-2033302
What is -29f9 (base 16) in base 8?
-24771
Convert 25615 (base 11) to base 9.
55274
What is -2102020112 (base 3) in base 11?
-32808
Convert -3d3 (base 15) to base 2.
-1101101001
What is 1390 (base 13) in base 3?
10212111
28c0 (base 13) to base 3
22002121
What is 1577 (base 8) in base 7?
2416
Convert -28706 (base 11) to base 12.
-1b727
Convert -11101000 (base 2) to base 11.
-1a1
-201316 (base 7) to base 6
-421541
What is 366410 (base 7) in base 5?
4121323
What is 2000112111 (base 3) in base 11?
27963
-251 (base 7) to base 13
-a4
-21440 (base 6) to base 11
-2266
-e7c (base 15) to base 10
-3267
What is 38 (base 12) in base 7?
62
What is -66522 (base 7) in base 6?
-205233
-712 (base 12) to base 9
-1355
-eb06 (base 16) to base 13
-21502
Convert -36e (base 16) to base 14.
-46a
What is -8167 (base 13) in base 8?
-42646
Convert 2201231 (base 5) to base 14.
da43
Convert 11357 (base 8) to base 5.
123342
1210222 (base 3) to base 12
922
What is -6320 (base 8) in base 10?
-3280
41116 (base 7) to base 6
114201
Convert -4235 (base 6) to base 15.
-43e
What is 6810 (base 10) in base 13?
313b
Convert 1425 (base 8) to base 13.
489
What is 1231001 (base 4) in base 12?
4055
What is 311202 (base 5) in base 16?
27c1
-f3 (base 16) to base 4
-3303
What is -25506 (base 7) in base 11?
-50a3
3e9 (base 16) to base 6
4345
8865 (base 16) to base 11
24263
Convert -377a (base 13) to base 8.
-17303
What is 13332 (base 4) in base 15?
240
Convert -33466 (base 8) to base 10.
-14134
-1000111011100 (base 2) to base 16
-11dc
What is 669 (base 14) in base 10?
1269
Convert 10111100010 (base 2) to base 6.
10550
11032 (base 5) to base 16
2ff
-561e (base 15) to base 6
-220302
What is -351 (base 15) in base 2?
-1011101111
What is -202 (base 8) in base 9?
-154
-3050 (base 9) to base 11
-174a
99c (base 16) to base 7
10113
What is -13671 (base 10) in base 7?
-54600
-5030 (base 9) to base 14
-14a4
Convert -133210 (base 4) to base 8.
-3744
What is 212 (base 7) in base 6?
255
Convert 2141 (base 12) to base 4.
321001
Convert -21432 (base 7) to base 14.
-1d52
Convert -1332032 (base 4) to base 10.
-8078
-1324 (base 6) to base 3
-110121
What is -45483 (base 9) in base 3?
-1112112210
Convert -10c (base 14) to base 6.
-544
What is 133321 (base 5) in base 2?
1010101010101
-2452 (base 7) to base 4
-32113
What is -220531 (base 7) in base 5?
-2214213
-4c04 (base 13) to base 12
-6318
-5346 (base 7) to base 11
-1474
a45a (base 11) to base 6
144055
Convert -3110222 (base 4) to base 5.
-413420
-87d0 (base 15) to base 10
-28770
-ba9 (base 13) to base 9
-2660
-175aa (base 11) to base 5
-1242213
Convert -304 (base 15) to base 6.
-3051
What is 196b (base 12) in base 14?
11bd
Convert -6cb (base 16) to base 13.
-a3a
What is -510203 (base 7) in base 8?
-251011
Convert -71 (b